of a?
0
Suppose -97 - 83 = 3*r. Let k = 12 - r. Let j = k - -20. What is the units digit of j?
2
Suppose 4*g = 2*b, -4*g - 18 = -3*g - 5*b. Suppose 5*k - g*m = 93, 5*k - 55 - 34 = m. What is the tens digit of k?
1
Suppose 15*d = 29*d - 79394. Suppose 23*x - d = -5*m + 20*x, 5*m = x + 5683. What is the tens digit of m?
3
Let t(r) = -r**2 - 73*r + 7228. What is the tens digit of t(0)?
2
Let y = 15391 - 4500. What is the tens digit of y?
9
Let c be (7 - 1)*(-10)/15. Let m be ((-12)/(2 - -1))/(c/2). Suppose 6*g - 60 = -4*l + m*g, 2*g = -l + 20. What is the units digit of l?
0
Let z(q) = -3*q**3 - q + 5. Let c be z(0). Suppose 6*j - 8*j = 5*o - 386, 4*j + c*o = 752. What is the hundreds digit of j?
1
Let q = -114 - -109. Let n be (6/q)/((-11)/(-55)). What is the tens digit of (n/18)/((-2)/(-84)*-1)?
1
Suppose 5*i - 6 = -3*y + 514, 2*i + 4*y - 222 = 0. Let q = i + -216. Let j = 31 - q. What is the units digit of j?
6
Let y = -412 + 1059. Let i = y + -367. What is the hundreds digit of i?
2
Suppose -1711 = -t - d, 0 = 16*t - 11*t + 2*d - 8564. Let o = t - 1182. What is the units digit of o?
2
Let k = -82 + 82. Suppose k = -621*v + 619*v + 688. What is the tens digit of v?
4
What is the units digit of (-45 + 8464)*(-2 + 3)?
9
Let b(x) = 12 + 8 - 236*x - 92 + 13. What is the hundreds digit of b(-3)?
6
Suppose 2*z - 50231 + 26700 - 46887 = 0. What is the hundreds digit of z?
2
Suppose 5*u - 25 = 5*l, 0*l = -2*u - 5*l + 10. Suppose -5*o = g + g - 1255, 0 = -3*o - u*g + 734. What is the tens digit of o?
5
Suppose -12*k - 454 = -1702. Suppose -99*h + k*h = 960. What is the units digit of h?
2
Let f = 617 - 981. Let m = -357 + 106. Let b = m - f. What is the tens digit of b?
1
Let v(g) = 75*g - 2. Suppose -5*r + 24 = -3*n, 4*n = -2*r + 7 + 13. Let u be v(r). Suppose 3*y - 326 = i, y + 3*y + 2*i - u = 0. What is the tens digit of y?
1
Let m = 6782 + 6776. What is the thousands digit of m?
3
Suppose 45*a - 48*a + 60954 = 0. What is the units digit of a?
8
Suppose -4*c + 92 = -5*v, 5*v = -3*c + 37 + 32. Suppose -4*k = -6 - 2, 3*q - 2*k - c = 0. Suppose -4*b + q*b - 190 = 0. What is the tens digit of b?
3
Suppose -95 = 132*c - 135*c - p, -2*c - 5*p = -85. Suppose 11*d - 48585 = -c*d. What is the tens digit of d?
8
Suppose u = 28*u - 76410. Suppose -8*g + 5*m = -3*g - 7125, -u = -2*g - 2*m. What is the units digit of g?
0
Suppose 2*o + g = -0*g + 25, o = -3*g. Suppose -o*s - 24614 = -46*s. What is the tens digit of s?
9
Let j(m) = m**3 + m**2 + m - 1. Suppose -7*u + 4 = -3*u. Let t be j(u). Suppose t*g - 302 = -4*b, -b - 4*b + 370 = 4*g. What is the units digit of b?
8
Let d(v) = 9*v**2 - 75. Suppose 2*k - 4*s = 8, 9*s - 18 = -k + 4*s. What is the units digit of d(k)?
1
Let r = 535 - 555. What is the tens digit of (-25)/(-30)*-3*8392/r?
4
Let c(d) = -108*d + 2. Let o be c(-1). Suppose -77 = 2*g - 5*b, 0*g - 2*b = -3*g - o. What is the units digit of 6 + g/(-27)*(-6)/(-4)?
8
Let c = 8871 + -2833. What is the units digit of c?
8
Suppose -3*w + 475 = -4*t, 0 = -7*w + 6*w + 5*t + 162. Suppose -42 = -3*q + 36. Let d = w - q. What is the units digit of d?
1
Suppose w + 2 + 1 = 3*a, 5*w + 15 = 2*a. What is the units digit of -2 + 2 - (15/w + -177)?
2
What is the thousands digit of (((-728)/(-12))/7)/(30/28800)?
8
Suppose r - 35 = -4*r. Suppose -r*n + n = 486. Let x = n - -152. What is the units digit of x?
1
Let t = 10093 - 5252. What is the tens digit of t?
4
Suppose -3*k = 4*n + 24, 0 = -k + 6*k - 2*n + 14. Let f be k*4/8 + 5. Suppose -b = f*y + 2*y - 314, -2*b = y - 70. What is the tens digit of y?
6
Let s = 56532 - 32942. Suppose -s + 5190 = -32*q. What is the units digit of q?
5
Let a(c) = -1186*c**2 + 8*c + 3. Let f be a(-4). What is the units digit of ((-4)/(-14))/((-5)/f*3)?
2
Let k(o) = -5*o + 145. Let z be k(10). Suppose x + z = 262. What is the units digit of x?
7
Suppose 10*k - 27 = 153. Suppose -k*b + 35 = -11*b. What is the units digit of b?
5
Let y be 13/((1 - -5 - 1173/195)*5). Suppose -x = 5*o - 4 - 309, 4*x = 4*o + 1156. Let u = y + x. What is the units digit of u?
4
Let x be (0/1)/(-2 + (-8 - -11)). Suppose 22*s - 4430 - 2434 = x. What is the hundreds digit of s?
3
What is the tens digit of (-276)/(-69)*(-2)/12*-41841?
9
Let t(j) = 272*j**2 + 2*j - 10. What is the units digit of t(-2)?
4
Suppose 0 = -2*j - 4*c - 10, j - 4*c - 13 = 2*j. Suppose 2*i = -0*i. Suppose 3*k - 272 = -l, i = 4*k - j*l + 2*l - 365. What is the tens digit of k?
9
Let h(t) be the first derivative of -19*t**2 + 110*t + 54. What is the tens digit of h(-5)?
0
Let a = -1878 - -2130. What is the units digit of a?
2
Suppose -23*m = -13*m - 130. Suppose 2*o + 2221 = -s, -o - 1096 = -5*s - m. What is the tens digit of o/(-8) + (-21)/(-14)?
4
What is the units digit of (19 + 426482/42)/(2/3)?
0
Suppose 8*d = 6*d + 56. Let t = d + -25. Suppose f + 2*i = -t*i + 147, f - 2*i - 147 = 0. What is the units digit of f?
7
Suppose -u = 7*u + 40. Let o be 2/u + (-1580)/50. What is the units digit of o/(-6)*-2*(-12)/16?
8
Suppose 111064 = 83*f - 374320. What is the thousands digit of f?
5
Let h = -182 - -187. Suppose -3023 + 28 = -h*n. What is the tens digit of n?
9
Let b(q) = 283*q - 46. Let x be b(1). What is the units digit of ((-6)/10)/(x/(-395))?
1
Suppose 79588 = -26*c + 112738 + 271570. What is the thousands digit of c?
1
Suppose -4*i = 11*s - 14*s + 52193, 4*i - 69544 = -4*s. What is the tens digit of s?
9
Let x = -88 - -104. Suppose -18*h = -x - 38. Suppose -4*l - h*q + 555 = -4*q, 0 = -l + 3*q + 147. What is the units digit of l?
8
What is the ten thousands digit of (264/72)/((1*5/85)/303)?
1
Suppose 0 = 3*a + 3*s + 156, 5*a - 4*s - s = -280. Let x = a - -57. Suppose -x*v = -4*v + 62. What is the units digit of v?
2
Let s be (495/(-6))/11*(-8 + 4). Suppose 3965 = s*i - 2545. What is the tens digit of i?
1
Let n = -20169 - -28592. What is the units digit of n?
3
Let u(w) = -4*w. Let n be u(-1). Suppose -3*m + r = -11, -4*m - n*r - 26 = -7*m. Suppose -m*v - 2*y = -120, -4*v + y = 4*y - 242. What is the tens digit of v?
6
Suppose 2*c + 260950 = 4*i, 455871 - 129731 = 5*i + 7*c. What is the hundreds digit of i?
2
Suppose 0 = 3*b - 3*k - 15, 0 = -2*b - 5*k + 6 - 10. Suppose b*r + 464 = 2777. What is the hundreds digit of r?
7
Let w be -6 - (858/6 + -6). Let v = w + 228. What is the tens digit of v?
8
Suppose 3*x = v - 4647 - 1098, 4*x = 3*v - 17255. What is the units digit of v?
7
Let r be 582/(-36) - (-4)/24. What is the hundreds digit of (-20812)/(-32) - (-6)/r?
6
Let n = 800 - 307. Let f = n + 164. What is the units digit of f?
7
Let l be 0/((9 + -8)*-2). Suppose 5*z - 2*f - 1011 = 0, -2*z - 2*z = -f - 810. Suppose -5*b - 4*g - 14 + z = l, -153 = -4*b - 5*g. What is the tens digit of b?
3
Let k(f) = 704*f - 355. What is the hundreds digit of k(16)?
9
Suppose 451 + 649 = 10*d. What is the hundreds digit of 54*(-7 + d/4)?
1
Let c be ((-450)/27)/((-6)/252). Suppose -c = -h + 631. What is the hundreds digit of h?
3
Suppose 0 = -1364*y + 1373*y - 26856. What is the units digit of y?
4
Let v(r) = 35*r**2 - 11*r - 57. Let j be v(-6). Suppose d + 0*y - 403 = -5*y, 3*d - 5*y = j. What is the tens digit of d?
1
Let p(i) = -5*i**2 - 3*i - 16. Let z be p(7). Let s = -145 - z. What is the tens digit of s?
3
Suppose -3*m + 31 = 4*h, 5*m - 7 - 14 = h. Suppose h*q - 53 + 41 = 0. Suppose 0 = q*i - 7*i + 2*s + 630, -5*i + 784 = s. What is the tens digit of i?
5
Suppose -3*o = 10*o + 13. Let m(z) = 264*z**2 - 6*z - 7. What is the units digit of m(o)?
3
Suppose 0 = 9*b - b + 7*b. Let m(g) = -2*g + b - 8 + 11 - 19*g. What is the units digit of m(-1)?
4
Suppose -2*l = -4*b + 52610, -519*l + 521*l = 5*b - 65759. What is the thousands digit of b?
3
Let u = -757 - -641. Let q = u + 881. What is the hundreds digit of q?
7
Suppose -p - p - 4*z = -18, 0 = 2*p - 5*z + 27. Let c be ((-2)/9)/(p/3)*-18. What is the tens digit of c/(7 - 3) - -86?
8
Suppose 79*y + 27*y - 3631136 = 0. What is the thousands digit of y?
4
Let d = 23 + -20. Suppose d*j + 5 = -2*k + 12, 4*j + 5*k - 7 = 0. Suppose -j*q + 12 + 51 = 0. What is the units digit of q?
1
What is the thousands digit of ((-2)/((-4)/(-62)))/(-31 + 690900/22288)?
4
Suppose -6 = -10*y + 9*y. Let f be ((-26)/y - -4)/(2/(-282)). Suppose 3*c + 3*n - 255 = 0, -c - 5*n + f 